{"id":598,"date":"2024-09-26T06:01:11","date_gmt":"2024-09-26T06:01:11","guid":{"rendered":"https:\/\/esmasqueenergia.com\/index.php\/services\/"},"modified":"2025-09-05T07:44:56","modified_gmt":"2025-09-05T07:44:56","slug":"servicios","status":"publish","type":"page","link":"https:\/\/esmasqueenergia.com\/index.php\/energia\/servicios\/","title":{"rendered":"Servicios-energia"},"content":{"rendered":"\t\t<div data-elementor-type=\"wp-page\" data-elementor-id=\"598\" class=\"elementor elementor-598\">\n\t\t\t\t<div class=\"elementor-element elementor-element-a0f7ed2 e-flex e-con-boxed e-con e-parent\" data-id=\"a0f7ed2\" data-element_type=\"container\" data-e-type=\"container\" data-settings=\"{&quot;background_background&quot;:&quot;classic&quot;}\">\n\t\t\t\t\t<div class=\"e-con-inner\">\n\t\t\t\t<div class=\"elementor-element elementor-element-ae0408c elementor-widget elementor-widget-image-box\" data-id=\"ae0408c\" data-element_type=\"widget\" data-e-type=\"widget\" data-widget_type=\"image-box.default\">\n\t\t\t\t<div class=\"elementor-widget-container\">\n\t\t\t\t\t<div class=\"elementor-image-box-wrapper\"><div class=\"elementor-image-box-content\"><h1 class=\"elementor-image-box-title\">Servicios<\/h1><p class=\"elementor-image-box-description\"><b>Masqenergia<\/b> ofrece un servicio personalizado llaves en mano, que incluye el an\u00e1lisis, el asesoramiento y la gesti\u00f3n. Contamos con un equipo de profesionales especializados que garantiza soluciones energ\u00e9ticas de m\u00e1xima eficiencia para nuestros clientes.<\/p><\/div><\/div>\t\t\t\t<\/div>\n\t\t\t\t<\/div>\n\t\t\t\t\t<\/div>\n\t\t\t\t<\/div>\n\t\t<div class=\"elementor-element elementor-element-e2a89c7 e-flex e-con-boxed e-con e-parent\" data-id=\"e2a89c7\" data-element_type=\"container\" data-e-type=\"container\" data-settings=\"{&quot;background_background&quot;:&quot;classic&quot;}\">\n\t\t\t\t\t<div class=\"e-con-inner\">\n\t\t<div class=\"elementor-element elementor-element-a590e36 e-con-full e-flex e-con e-child\" data-id=\"a590e36\" data-element_type=\"container\" data-e-type=\"container\">\n\t\t\t\t<div class=\"elementor-element elementor-element-0de0a85 elementor-widget elementor-widget-heading\" data-id=\"0de0a85\" data-element_type=\"widget\" data-e-type=\"widget\" data-widget_type=\"heading.default\">\n\t\t\t\t<div class=\"elementor-widget-container\">\n\t\t\t\t\t<h2 class=\"elementor-heading-title elementor-size-default\">Ahorra en 3 simples pasos<\/h2>\t\t\t\t<\/div>\n\t\t\t\t<\/div>\n\t\t<div class=\"elementor-element elementor-element-4085c3b e-con-full e-flex e-con e-child\" data-id=\"4085c3b\" data-element_type=\"container\" data-e-type=\"container\">\n\t\t\t\t<div class=\"elementor-element elementor-element-a5917cf elementor-widget elementor-widget-image\" data-id=\"a5917cf\" data-element_type=\"widget\" data-e-type=\"widget\" data-widget_type=\"image.default\">\n\t\t\t\t<div class=\"elementor-widget-container\">\n\t\t\t\t\t\t\t\t\t\t\t\t\t\t\t<img fetchpriority=\"high\" decoding=\"async\" width=\"587\" height=\"239\" src=\"https:\/\/esmasqueenergia.com\/wp-content\/uploads\/2024\/10\/logo-ENERGIA-con-margenes-footer.png\" class=\"attachment-large size-large wp-image-1662\" alt=\"\" srcset=\"https:\/\/esmasqueenergia.com\/wp-content\/uploads\/2024\/10\/logo-ENERGIA-con-margenes-footer.png 587w, https:\/\/esmasqueenergia.com\/wp-content\/uploads\/2024\/10\/logo-ENERGIA-con-margenes-footer-300x122.png 300w\" sizes=\"(max-width: 587px) 100vw, 587px\" \/>\t\t\t\t\t\t\t\t\t\t\t\t\t\t\t<\/div>\n\t\t\t\t<\/div>\n\t\t\t\t<\/div>\n\t\t\t\t<\/div>\n\t\t\t\t\t<\/div>\n\t\t\t\t<\/div>\n\t\t<div class=\"elementor-element elementor-element-06e3c8a e-flex e-con-boxed e-con e-parent\" data-id=\"06e3c8a\" data-element_type=\"container\" data-e-type=\"container\" data-settings=\"{&quot;background_background&quot;:&quot;classic&quot;}\">\n\t\t\t\t\t<div class=\"e-con-inner\">\n\t\t<div class=\"elementor-element elementor-element-26e5c20 e-con-full e-flex e-con e-child\" data-id=\"26e5c20\" data-element_type=\"container\" data-e-type=\"container\">\n\t\t<div class=\"elementor-element elementor-element-83cbcd4 e-con-full e-flex e-con e-child\" data-id=\"83cbcd4\" data-element_type=\"container\" data-e-type=\"container\">\n\t\t\t\t<div class=\"elementor-element elementor-element-587247f elementor-widget elementor-widget-heading\" data-id=\"587247f\" data-element_type=\"widget\" data-e-type=\"widget\" data-widget_type=\"heading.default\">\n\t\t\t\t<div class=\"elementor-widget-container\">\n\t\t\t\t\t<h2 class=\"elementor-heading-title elementor-size-default\">01.<\/h2>\t\t\t\t<\/div>\n\t\t\t\t<\/div>\n\t\t\t\t<div class=\"elementor-element elementor-element-1501bf9 elementor-widget elementor-widget-image-box\" data-id=\"1501bf9\" data-element_type=\"widget\" data-e-type=\"widget\" data-widget_type=\"image-box.default\">\n\t\t\t\t<div class=\"elementor-widget-container\">\n\t\t\t\t\t<div class=\"elementor-image-box-wrapper\"><div class=\"elementor-image-box-content\"><h3 class=\"elementor-image-box-title\">Estudio y an\u00e1lisis de tu factura<\/h3><p class=\"elementor-image-box-description\">Realizamos un minucioso an\u00e1lisis de tu factura, examinando detalladamente cada uno de los conceptos y desgloses presentes en ella. Nuestro objetivo es brindarte un informe exhaustivo y completo, proporcion\u00e1ndote una visi\u00f3n clara y precisa de todos los cargos y servicios incluidos en tu factura. Ponemos a tu disposici\u00f3n nuestro equipo de expertos, altamente capacitados y comprometidos, para que puedas contar con una evaluaci\u00f3n detallada y personalizada de tu factura. Estamos aqu\u00ed para ayudarte a entender todos los aspectos relacionados con tus cobros y consumos, y ofrecerte soluciones y recomendaciones que se ajusten a tus necesidades.<\/p><\/div><\/div>\t\t\t\t<\/div>\n\t\t\t\t<\/div>\n\t\t\t\t<\/div>\n\t\t<div class=\"elementor-element elementor-element-1b31f19 e-con-full e-flex e-con e-child\" data-id=\"1b31f19\" data-element_type=\"container\" data-e-type=\"container\">\n\t\t\t\t<div class=\"elementor-element elementor-element-129c1f9 elementor-widget elementor-widget-image\" data-id=\"129c1f9\" data-element_type=\"widget\" data-e-type=\"widget\" data-widget_type=\"image.default\">\n\t\t\t\t<div class=\"elementor-widget-container\">\n\t\t\t\t\t\t\t\t\t\t\t\t\t\t\t<img decoding=\"async\" width=\"1024\" height=\"540\" src=\"https:\/\/esmasqueenergia.com\/wp-content\/uploads\/2025\/09\/masqsoluciones-energia-03-1024x540.jpg\" class=\"attachment-large size-large wp-image-2174\" alt=\"\" srcset=\"https:\/\/esmasqueenergia.com\/wp-content\/uploads\/2025\/09\/masqsoluciones-energia-03-1024x540.jpg 1024w, https:\/\/esmasqueenergia.com\/wp-content\/uploads\/2025\/09\/masqsoluciones-energia-03-300x158.jpg 300w, https:\/\/esmasqueenergia.com\/wp-content\/uploads\/2025\/09\/masqsoluciones-energia-03-768x405.jpg 768w, https:\/\/esmasqueenergia.com\/wp-content\/uploads\/2025\/09\/masqsoluciones-energia-03-1536x810.jpg 1536w, https:\/\/esmasqueenergia.com\/wp-content\/uploads\/2025\/09\/masqsoluciones-energia-03.jpg 1701w\" sizes=\"(max-width: 1024px) 100vw, 1024px\" \/>\t\t\t\t\t\t\t\t\t\t\t\t\t\t\t<\/div>\n\t\t\t\t<\/div>\n\t\t\t\t<\/div>\n\t\t\t\t<\/div>\n\t\t\t\t\t<\/div>\n\t\t\t\t<\/div>\n\t\t<div class=\"elementor-element elementor-element-63183de e-con-full e-flex e-con e-parent\" data-id=\"63183de\" data-element_type=\"container\" data-e-type=\"container\" data-settings=\"{&quot;background_background&quot;:&quot;classic&quot;}\">\n\t\t<div class=\"elementor-element elementor-element-2b92d73 e-flex e-con-boxed e-con e-child\" data-id=\"2b92d73\" data-element_type=\"container\" data-e-type=\"container\">\n\t\t\t\t\t<div class=\"e-con-inner\">\n\t\t\t\t<div class=\"elementor-element elementor-element-11235e9 elementor-widget elementor-widget-image-box\" data-id=\"11235e9\" data-element_type=\"widget\" data-e-type=\"widget\" data-widget_type=\"image-box.default\">\n\t\t\t\t<div class=\"elementor-widget-container\">\n\t\t\t\t\t<div class=\"elementor-image-box-wrapper\"><div class=\"elementor-image-box-content\"><h2 class=\"elementor-image-box-title\">\u00bfCrees que PAGAS DEMASIADO en tu factura el\u00e9ctrica? <\/h2><p class=\"elementor-image-box-description\">Si crees que pagas demasiado en tu factura o no tienes claro qu\u00e9 impuestos y peajes te cobran, <b>Masqenergia<\/b> puede ayudarte a ahorrar en tu factura y a trazar la estrategia energ\u00e9tica m\u00e1s eficiente.<\/p><\/div><\/div>\t\t\t\t<\/div>\n\t\t\t\t<\/div>\n\t\t\t\t<div class=\"elementor-element elementor-element-8b38637 elementor-align-center elementor-widget elementor-widget-button\" data-id=\"8b38637\" data-element_type=\"widget\" data-e-type=\"widget\" data-widget_type=\"button.default\">\n\t\t\t\t<div class=\"elementor-widget-container\">\n\t\t\t\t\t\t\t\t\t<div class=\"elementor-button-wrapper\">\n\t\t\t\t\t<a class=\"elementor-button elementor-button-link elementor-size-sm\" href=\"https:\/\/esmasqueenergia.com\/index.php\/solicitar-estudio-gratuito\/\">\n\t\t\t\t\t\t<span class=\"elementor-button-content-wrapper\">\n\t\t\t\t\t\t\t\t\t<span class=\"elementor-button-text\">Solicitar estudio gratuito<\/span>\n\t\t\t\t\t<\/span>\n\t\t\t\t\t<\/a>\n\t\t\t\t<\/div>\n\t\t\t\t\t\t\t\t<\/div>\n\t\t\t\t<\/div>\n\t\t\t\t\t<\/div>\n\t\t\t\t<\/div>\n\t\t\t\t<\/div>\n\t\t<div class=\"elementor-element elementor-element-88a13da e-flex e-con-boxed e-con e-parent\" data-id=\"88a13da\" data-element_type=\"container\" data-e-type=\"container\" data-settings=\"{&quot;background_background&quot;:&quot;classic&quot;}\">\n\t\t\t\t\t<div class=\"e-con-inner\">\n\t\t<div class=\"elementor-element elementor-element-5122806 e-con-full e-flex e-con e-child\" data-id=\"5122806\" data-element_type=\"container\" data-e-type=\"container\">\n\t\t<div class=\"elementor-element elementor-element-621c8c1 e-con-full e-flex e-con e-child\" data-id=\"621c8c1\" data-element_type=\"container\" data-e-type=\"container\">\n\t\t\t\t<div class=\"elementor-element elementor-element-d8ff37d elementor-widget elementor-widget-image\" data-id=\"d8ff37d\" data-element_type=\"widget\" data-e-type=\"widget\" data-widget_type=\"image.default\">\n\t\t\t\t<div class=\"elementor-widget-container\">\n\t\t\t\t\t\t\t\t\t\t\t\t\t\t\t<img decoding=\"async\" width=\"1024\" height=\"683\" src=\"https:\/\/esmasqueenergia.com\/wp-content\/uploads\/2025\/09\/masqsoluciones-energia-04-1024x683.jpg\" class=\"attachment-large size-large wp-image-2175\" alt=\"\" srcset=\"https:\/\/esmasqueenergia.com\/wp-content\/uploads\/2025\/09\/masqsoluciones-energia-04-1024x683.jpg 1024w, https:\/\/esmasqueenergia.com\/wp-content\/uploads\/2025\/09\/masqsoluciones-energia-04-300x200.jpg 300w, https:\/\/esmasqueenergia.com\/wp-content\/uploads\/2025\/09\/masqsoluciones-energia-04-768x512.jpg 768w, https:\/\/esmasqueenergia.com\/wp-content\/uploads\/2025\/09\/masqsoluciones-energia-04-1536x1024.jpg 1536w, https:\/\/esmasqueenergia.com\/wp-content\/uploads\/2025\/09\/masqsoluciones-energia-04.jpg 1680w\" sizes=\"(max-width: 1024px) 100vw, 1024px\" \/>\t\t\t\t\t\t\t\t\t\t\t\t\t\t\t<\/div>\n\t\t\t\t<\/div>\n\t\t\t\t<\/div>\n\t\t<div class=\"elementor-element elementor-element-c3d6a2f e-con-full e-flex e-con e-child\" data-id=\"c3d6a2f\" data-element_type=\"container\" data-e-type=\"container\">\n\t\t\t\t<div class=\"elementor-element elementor-element-63090af elementor-widget elementor-widget-heading\" data-id=\"63090af\" data-element_type=\"widget\" data-e-type=\"widget\" data-widget_type=\"heading.default\">\n\t\t\t\t<div class=\"elementor-widget-container\">\n\t\t\t\t\t<h2 class=\"elementor-heading-title elementor-size-default\">02.<\/h2>\t\t\t\t<\/div>\n\t\t\t\t<\/div>\n\t\t\t\t<div class=\"elementor-element elementor-element-9580d26 elementor-widget elementor-widget-image-box\" data-id=\"9580d26\" data-element_type=\"widget\" data-e-type=\"widget\" data-widget_type=\"image-box.default\">\n\t\t\t\t<div class=\"elementor-widget-container\">\n\t\t\t\t\t<div class=\"elementor-image-box-wrapper\"><div class=\"elementor-image-box-content\"><h3 class=\"elementor-image-box-title\">Asesoramiento personalizado<\/h3><p class=\"elementor-image-box-description\">Te asesoramos de manera personalizada, brind\u00e1ndote todas las herramientas necesarias para que puedas tomar la mejor decisi\u00f3n y as\u00ed lograr un ahorro significativo. Nuestro equipo de expertos estar\u00e1 a tu disposici\u00f3n para responder todas tus preguntas y guiarte en cada paso del proceso, asegur\u00e1ndonos de que est\u00e9s completamente informado antes de tomar cualquier decisi\u00f3n. Tu satisfacci\u00f3n y ahorro son nuestra prioridad, por lo que nos comprometemos a ofrecerte un servicio de calidad y confianza. No dudes en contar con nosotros para obtener la mejor asesor\u00eda y alcanzar tus metas financieras.<\/p><\/div><\/div>\t\t\t\t<\/div>\n\t\t\t\t<\/div>\n\t\t\t\t<\/div>\n\t\t\t\t<\/div>\n\t\t\t\t\t<\/div>\n\t\t\t\t<\/div>\n\t\t<div class=\"elementor-element elementor-element-e7d99ac e-flex e-con-boxed e-con e-parent\" data-id=\"e7d99ac\" data-element_type=\"container\" data-e-type=\"container\" data-settings=\"{&quot;background_background&quot;:&quot;classic&quot;}\">\n\t\t\t\t\t<div class=\"e-con-inner\">\n\t\t\t\t<div class=\"elementor-element elementor-element-1fce5ba elementor-widget elementor-widget-heading\" data-id=\"1fce5ba\" data-element_type=\"widget\" data-e-type=\"widget\" data-widget_type=\"heading.default\">\n\t\t\t\t<div class=\"elementor-widget-container\">\n\t\t\t\t\t<h2 class=\"elementor-heading-title elementor-size-default\">\u00bfQuieres conocer la POTENCIA EXACTA de energ\u00eda que necesitas?<\/h2>\t\t\t\t<\/div>\n\t\t\t\t<\/div>\n\t\t\t\t<div class=\"elementor-element elementor-element-dfb19a4 elementor-widget elementor-widget-heading\" data-id=\"dfb19a4\" data-element_type=\"widget\" data-e-type=\"widget\" data-widget_type=\"heading.default\">\n\t\t\t\t<div class=\"elementor-widget-container\">\n\t\t\t\t\t<p class=\"elementor-heading-title elementor-size-default\">Solic\u00edtanos informaci\u00f3n sin compromiso.<\/p>\t\t\t\t<\/div>\n\t\t\t\t<\/div>\n\t\t\t\t<div class=\"elementor-element elementor-element-911138a elementor-align-center elementor-widget elementor-widget-button\" data-id=\"911138a\" data-element_type=\"widget\" data-e-type=\"widget\" data-widget_type=\"button.default\">\n\t\t\t\t<div class=\"elementor-widget-container\">\n\t\t\t\t\t\t\t\t\t<div class=\"elementor-button-wrapper\">\n\t\t\t\t\t<a class=\"elementor-button elementor-button-link elementor-size-sm\" href=\"https:\/\/esmasqueenergia.com\/index.php\/contacto\/\">\n\t\t\t\t\t\t<span class=\"elementor-button-content-wrapper\">\n\t\t\t\t\t\t\t\t\t<span class=\"elementor-button-text\">M\u00e1s Informaci\u00f3n<\/span>\n\t\t\t\t\t<\/span>\n\t\t\t\t\t<\/a>\n\t\t\t\t<\/div>\n\t\t\t\t\t\t\t\t<\/div>\n\t\t\t\t<\/div>\n\t\t\t\t\t<\/div>\n\t\t\t\t<\/div>\n\t\t<div class=\"elementor-element elementor-element-5a42332 e-flex e-con-boxed e-con e-parent\" data-id=\"5a42332\" data-element_type=\"container\" data-e-type=\"container\" data-settings=\"{&quot;background_background&quot;:&quot;classic&quot;}\">\n\t\t\t\t\t<div class=\"e-con-inner\">\n\t\t<div class=\"elementor-element elementor-element-b9fa055 e-con-full e-flex e-con e-child\" data-id=\"b9fa055\" data-element_type=\"container\" data-e-type=\"container\">\n\t\t<div class=\"elementor-element elementor-element-9a4dc2f e-con-full e-flex e-con e-child\" data-id=\"9a4dc2f\" data-element_type=\"container\" data-e-type=\"container\">\n\t\t\t\t<div class=\"elementor-element elementor-element-a718470 elementor-widget elementor-widget-heading\" data-id=\"a718470\" data-element_type=\"widget\" data-e-type=\"widget\" data-widget_type=\"heading.default\">\n\t\t\t\t<div class=\"elementor-widget-container\">\n\t\t\t\t\t<h2 class=\"elementor-heading-title elementor-size-default\">03.<\/h2>\t\t\t\t<\/div>\n\t\t\t\t<\/div>\n\t\t\t\t<div class=\"elementor-element elementor-element-d7b2d9d elementor-widget elementor-widget-image-box\" data-id=\"d7b2d9d\" data-element_type=\"widget\" data-e-type=\"widget\" data-widget_type=\"image-box.default\">\n\t\t\t\t<div class=\"elementor-widget-container\">\n\t\t\t\t\t<div class=\"elementor-image-box-wrapper\"><div class=\"elementor-image-box-content\"><h3 class=\"elementor-image-box-title\">Gesti\u00f3n de todos los tr\u00e1mites<\/h3><p class=\"elementor-image-box-description\">Nuestro equipo se encarga de gestionar todos tus tr\u00e1mites para los cambios de planes, sin importar lo complejos que puedan ser. Puedes confiar en nosotros para llevar a cabo cada paso del proceso, desde el inicio hasta la finalizaci\u00f3n, asegur\u00e1ndonos de que todo est\u00e9 en orden y se cumplan tus necesidades. Nuestro objetivo principal es brindarte un servicio de calidad y hacerte sentir tranquilo(a) al dejarlo todo en nuestras manos expertas. No importa qu\u00e9 tipo de cambio de planes necesites realizar, estamos aqu\u00ed para ayudarte en cada paso del camino y asegurarnos de que obtengas los resultados deseados. Adem\u00e1s, brindamos servicio de backoffice para que nos puedas hacer llegar tus consultas, dudas o gestiones que necesites, como cambios de cuenta, de nombre o cualquier otra gesti\u00f3n.<\/p><\/div><\/div>\t\t\t\t<\/div>\n\t\t\t\t<\/div>\n\t\t\t\t<\/div>\n\t\t<div class=\"elementor-element elementor-element-8d4c152 e-con-full e-flex e-con e-child\" data-id=\"8d4c152\" data-element_type=\"container\" data-e-type=\"container\">\n\t\t\t\t<div class=\"elementor-element elementor-element-f041116 elementor-widget elementor-widget-image\" data-id=\"f041116\" data-element_type=\"widget\" data-e-type=\"widget\" data-widget_type=\"image.default\">\n\t\t\t\t<div class=\"elementor-widget-container\">\n\t\t\t\t\t\t\t\t\t\t\t\t\t\t\t<img loading=\"lazy\" decoding=\"async\" width=\"1024\" height=\"683\" src=\"https:\/\/esmasqueenergia.com\/wp-content\/uploads\/2025\/09\/masqsoluciones-energia-05-1024x683.jpg\" class=\"attachment-large size-large wp-image-2176\" alt=\"\" srcset=\"https:\/\/esmasqueenergia.com\/wp-content\/uploads\/2025\/09\/masqsoluciones-energia-05-1024x683.jpg 1024w, https:\/\/esmasqueenergia.com\/wp-content\/uploads\/2025\/09\/masqsoluciones-energia-05-300x200.jpg 300w, https:\/\/esmasqueenergia.com\/wp-content\/uploads\/2025\/09\/masqsoluciones-energia-05-768x512.jpg 768w, https:\/\/esmasqueenergia.com\/wp-content\/uploads\/2025\/09\/masqsoluciones-energia-05-1536x1024.jpg 1536w, https:\/\/esmasqueenergia.com\/wp-content\/uploads\/2025\/09\/masqsoluciones-energia-05.jpg 1648w\" sizes=\"(max-width: 1024px) 100vw, 1024px\" \/>\t\t\t\t\t\t\t\t\t\t\t\t\t\t\t<\/div>\n\t\t\t\t<\/div>\n\t\t\t\t<\/div>\n\t\t\t\t<\/div>\n\t\t\t\t\t<\/div>\n\t\t\t\t<\/div>\n\t\t<div class=\"elementor-element elementor-element-607d5bb e-flex e-con-boxed e-con e-parent\" data-id=\"607d5bb\" data-element_type=\"container\" data-e-type=\"container\" data-settings=\"{&quot;background_background&quot;:&quot;classic&quot;}\">\n\t\t\t\t\t<div class=\"e-con-inner\">\n\t\t\t\t<div class=\"elementor-element elementor-element-0ae9023 elementor-widget elementor-widget-heading\" data-id=\"0ae9023\" data-element_type=\"widget\" data-e-type=\"widget\" data-widget_type=\"heading.default\">\n\t\t\t\t<div class=\"elementor-widget-container\">\n\t\t\t\t\t<h2 class=\"elementor-heading-title elementor-size-default\">\u00bfTienes alguna duda?<\/h2>\t\t\t\t<\/div>\n\t\t\t\t<\/div>\n\t\t\t\t<div class=\"elementor-element elementor-element-fd4c472 elementor-widget elementor-widget-heading\" data-id=\"fd4c472\" data-element_type=\"widget\" data-e-type=\"widget\" data-widget_type=\"heading.default\">\n\t\t\t\t<div class=\"elementor-widget-container\">\n\t\t\t\t\t<p class=\"elementor-heading-title elementor-size-default\">Para nosotros es un placer aclarar todas tus dudas y preguntas.<\/p>\t\t\t\t<\/div>\n\t\t\t\t<\/div>\n\t\t\t\t<div class=\"elementor-element elementor-element-e506d02 elementor-align-center elementor-widget elementor-widget-button\" data-id=\"e506d02\" data-element_type=\"widget\" data-e-type=\"widget\" data-widget_type=\"button.default\">\n\t\t\t\t<div class=\"elementor-widget-container\">\n\t\t\t\t\t\t\t\t\t<div class=\"elementor-button-wrapper\">\n\t\t\t\t\t<a class=\"elementor-button elementor-button-link elementor-size-sm\" href=\"https:\/\/esmasqueenergia.com\/index.php\/contacto\/\">\n\t\t\t\t\t\t<span class=\"elementor-button-content-wrapper\">\n\t\t\t\t\t\t\t\t\t<span class=\"elementor-button-text\">Contactar<\/span>\n\t\t\t\t\t<\/span>\n\t\t\t\t\t<\/a>\n\t\t\t\t<\/div>\n\t\t\t\t\t\t\t\t<\/div>\n\t\t\t\t<\/div>\n\t\t\t\t\t<\/div>\n\t\t\t\t<\/div>\n\t\t\t\t<\/div>\n\t\t","protected":false},"excerpt":{"rendered":"<p>Servicios Masqenergia ofrece un servicio personalizado llaves en mano, que incluye el an\u00e1lisis, el asesoramiento y la gesti\u00f3n. Contamos con un equipo de profesionales especializados que garantiza soluciones energ\u00e9ticas de m\u00e1xima eficiencia para nuestros clientes. Ahorra en 3 simples pasos 01. Estudio y an\u00e1lisis de tu factura Realizamos un minucioso an\u00e1lisis de tu factura, examinando [&hellip;]<\/p>\n","protected":false},"author":1,"featured_media":0,"parent":1900,"menu_order":1,"comment_status":"closed","ping_status":"closed","template":"","meta":{"site-sidebar-layout":"no-sidebar","site-content-layout":"page-builder","ast-site-content-layout":"full-width-container","site-content-style":"default","site-sidebar-style":"default","ast-global-header-display":"","ast-banner-title-visibility":"disabled","ast-main-header-display":"","ast-hfb-above-header-display":"","ast-hfb-below-header-display":"","ast-hfb-mobile-header-display":"","site-post-title":"disabled","ast-breadcrumbs-content":"","ast-featured-img":"disabled","footer-sml-layout":"","theme-transparent-header-meta":"enabled","adv-header-id-meta":"","stick-header-meta":"","header-above-stick-meta":"","header-main-stick-meta":"","header-below-stick-meta":"","astra-migrate-meta-layouts":"set","ast-page-background-enabled":"default","ast-page-background-meta":{"desktop":{"background-color":"var(--ast-global-color-4)","background-image":"","background-repeat":"repeat","background-position":"center center","background-size":"auto","background-attachment":"scroll","background-type":"","background-media":"","overlay-type":"","overlay-color":"","overlay-opacity":"","overlay-gradient":""},"tablet":{"background-color":"","background-image":"","background-repeat":"repeat","background-position":"center center","background-size":"auto","background-attachment":"scroll","background-type":"","background-media":"","overlay-type":"","overlay-color":"","overlay-opacity":"","overlay-gradient":""},"mobile":{"background-color":"","background-image":"","background-repeat":"repeat","background-position":"center center","background-size":"auto","background-attachment":"scroll","background-type":"","background-media":"","overlay-type":"","overlay-color":"","overlay-opacity":"","overlay-gradient":""}},"ast-content-background-meta":{"desktop":{"background-color":"var(--ast-global-color-5)","background-image":"","background-repeat":"repeat","background-position":"center center","background-size":"auto","background-attachment":"scroll","background-type":"","background-media":"","overlay-type":"","overlay-color":"","overlay-opacity":"","overlay-gradient":""},"tablet":{"background-color":"var(--ast-global-color-5)","background-image":"","background-repeat":"repeat","background-position":"center center","background-size":"auto","background-attachment":"scroll","background-type":"","background-media":"","overlay-type":"","overlay-color":"","overlay-opacity":"","overlay-gradient":""},"mobile":{"background-color":"var(--ast-global-color-5)","background-image":"","background-repeat":"repeat","background-position":"center center","background-size":"auto","background-attachment":"scroll","background-type":"","background-media":"","overlay-type":"","overlay-color":"","overlay-opacity":"","overlay-gradient":""}},"_joinchat":[],"footnotes":""},"class_list":["post-598","page","type-page","status-publish","hentry"],"_links":{"self":[{"href":"https:\/\/esmasqueenergia.com\/index.php\/wp-json\/wp\/v2\/pages\/598","targetHints":{"allow":["GET"]}}],"collection":[{"href":"https:\/\/esmasqueenergia.com\/index.php\/wp-json\/wp\/v2\/pages"}],"about":[{"href":"https:\/\/esmasqueenergia.com\/index.php\/wp-json\/wp\/v2\/types\/page"}],"author":[{"embeddable":true,"href":"https:\/\/esmasqueenergia.com\/index.php\/wp-json\/wp\/v2\/users\/1"}],"replies":[{"embeddable":true,"href":"https:\/\/esmasqueenergia.com\/index.php\/wp-json\/wp\/v2\/comments?post=598"}],"version-history":[{"count":59,"href":"https:\/\/esmasqueenergia.com\/index.php\/wp-json\/wp\/v2\/pages\/598\/revisions"}],"predecessor-version":[{"id":2197,"href":"https:\/\/esmasqueenergia.com\/index.php\/wp-json\/wp\/v2\/pages\/598\/revisions\/2197"}],"up":[{"embeddable":true,"href":"https:\/\/esmasqueenergia.com\/index.php\/wp-json\/wp\/v2\/pages\/1900"}],"wp:attachment":[{"href":"https:\/\/esmasqueenergia.com\/index.php\/wp-json\/wp\/v2\/media?parent=598"}],"curies":[{"name":"wp","href":"https:\/\/api.w.org\/{rel}","templated":true}]}}